uppose 1289 = -424*x - 4223. Give i(x).
20
Let d(i) = -i**3 + 4*i**2 - 3*i - 1. Let h(o) = -o**3 + 3*o**2 + 2*o. Let q be h(4). Let v = q + 27. Let m = v - 16. Give d(m).
-1
Let t(h) = -2*h**3 + 24*h**2 - 44*h + 245. Let j be t(11). Let k(g) be the first derivative of -2*g**j + 15 + 1/2*g**2 + 0*g. Determine k(1).
-5
Let t(z) = -z**2 + 12*z + 50. Let m be t(7). Suppose -32*h = m + 75. Let r(f) = -f**2 - 3*f + 5. Calculate r(h).
-5
Let y(n) = n**2 + n + 5. Let p(o) = 3*o - 43. Suppose 0 = -5*z + t - 2*t + 60, 4*z - 77 = 5*t. Let m be p(z). Give y(m).
17
Suppose -4*y = -5*y + 2. Let i(u) = 12305 - 6116 + 2*u**2 + 2*u - 6192. Give i(y).
9
Let h(z) = z**3 - 2*z**2 - z + 9. Suppose -239*g = 61*g. What is h(g)?
9
Let x(p) = -3*p**2 + 2*p. Let g(h) = 6*h - 44. Let w be g(8). Let y(d) = 6*d - 22. Let f be y(w). Determine x(f).
-8
Let w(x) = x**2 - 8*x + 5. Let z(o) = 6*o**2 - 1. Suppose 37 = -5*d + 42. Let i be z(d). Determine w(i).
-10
Let o(z) be the second derivative of z**5/20 - z**4 + z**3/3 - 12*z**2 + 445*z + 1. Calculate o(12).
0
Let u(h) be the third derivative of -h**4/6 + h**3/3 - 2199*h**2. Give u(-5).
22
Let d(v) = -v**2 - 31*v - 57. Suppose -g = 4*w + 12, -30*g = -34*g - 16. Determine d(w).
1
Let u(z) = -z**3 - 7*z**2 - 3*z + 1. Let s = 49 - 49. Let t(o) = o**2 - 4*o - 3. Let p be t(5). Suppose -4*c + p*r - 13 - 23 = s, -4*r + 23 = -c. What is u(c)?
22
Let a(x) = 10*x**3 - x**2 + 1. Let p(l) = l**3 - l**2 - 2*l + 14. Let k be p(0). Suppose k*y - 15 = -1. Suppose -3 = 2*j - y. What is a(j)?
-10
Let v = -56 + -26. Let c = v + 99. Let l(q) = c + 18 - 36 - q. What is l(-8)?
7
Suppose 14*c - 84 = 8*c. Let h(p) = p**3 - 13*p**2 - 11*p - 24. Let m be h(c). Suppose 0 = -2*v + 2*j - m, 5*v + 27 = -j. Let i(n) = 3*n - 1. What is i(v)?
-19
Let h(t) = -10*t**2 - 2091202 + 2091202. Let b = 14 - 15. Calculate h(b).
-10
Suppose 5*l - 31 + 75 = -6. Let x(c) = -c**2 - 5*c - 8. Calculate x(l).
-58
Let d(x) = x + 27. Let f(z) = -9*z - 123. Let i(j) = 5*d(j) + f(j). Calculate i(-3).
24
Let g(i) be the second derivative of -i**3/3 - 2*i**2 - 2*i + 105. What is g(-9)?
14
Let m(b) = 3*b - 29. Let l(k) = -38*k - 85 + 98*k - 51*k. Let r(w) = 6*l(w) - 17*m(w). Let z(d) = -d + 2. Let i(f) = r(f) + 5*z(f). Give i(-8).
9
Let r(p) = p - 6 - 47 + 15*p + 14*p. Let b be r(2). Let k(j) be the first derivative of -j**4/4 + 7*j**3/3 + 6*j + 3. Determine k(b).
6
Let r(k) = -14 + 23 - 12 - 25*k + 0*k**2 + 9*k - 3*k**2. What is r(-4)?
13
Let g(i) = 10*i - 9. Let z(b) = 24*b - 19. Let p(m) = 5*g(m) - 2*z(m). Calculate p(6).
5
Let y(k) = k**2 - 26*k + 63. Let n(t) = 3*t**2 - 77*t + 184. Let x(w) = 3*n(w) - 8*y(w). Determine x(21).
6
Suppose 5*s - 25 = 2*a, 0*a + 3*s = 2*a + 15. Let t(d) = 421*d**3 + 14 - 1279*d**3 + d + 418*d**3 + 439*d**3. What is t(a)?
14
Let x(w) be the first derivative of -3*w**2 - 9*w - 64. Suppose 2*o = 5*z + 9, -2*o + 6 = -z + 9. Determine x(z).
9
Suppose -37*l + 21*l = -4400. Let i(m) = -1 - l*m + 0 + 278*m. Let t = 2 - 1. What is i(t)?
2
Let b(h) = -11*h**2 - 1. Let m(k) = k**2 + 8*k + 7. Let x be m(-8). Let g(w) = 12*w**2 + 1. Let o(l) = x*b(l) + 6*g(l). Calculate o(1).
-6
Let k(q) be the third derivative of q**6/60 + 83*q**5/60 - 43*q**4/24 - 16*q**3/3 + 3293*q**2. Give k(-42).
10
Let y(v) be the third derivative of -28*v**2 - 1/6*v**3 - 1/12*v**4 - 1/60*v**5 + 0 + 2*v. What is y(2)?
-9
Let f(n) = -n**2 + 12*n - 8. Let k be ((-16)/(-4))/1 + 16. Suppose 6*i - i - k = 0. Let v be 2/3 - i*44/(-24). Calculate f(v).
24
Let j(p) be the third derivative of -3*p**5/20 + 2*p**4 + 31*p**3/6 - p**2 + 821*p - 1. Determine j(6).
-5
Let r(n) be the third derivative of n**5/120 - n**4/8 + 50*n**3/3 + 81*n**2. Let l(s) be the first derivative of r(s). Let i be 30/(-4)*4/(-6). What is l(i)?
2
Let x be (-8)/4 - 1 - -2. Let w(b) be the first derivative of -7*b**4/4 + 4*b**3/3 + 7*b + 19. Let t(y) = -y**3 + y**2 + 1. Let o(z) = 6*t(z) - w(z). Give o(x).
0
Let f(h) be the second derivative of 5*h**3/6 - 4*h**2 - 198*h. Let j be (1 + 1)/(-2) + 1 - -4. What is f(j)?
12
Let t(k) = 56*k**3 - 57*k**3 + 134*k + 2 + 4*k**2 - 137*k. Calculate t(4).
-10
Let i(f) = 3*f**2 + 2*f - 1. Let t(w) = -20*w**2 - 15*w + 7. Suppose -2*s - n - 16 = 0, -3*s + 5*n = -2*s - 14. Let a(u) = s*i(u) - t(u). Determine a(-2).
1
Let w(d) = 1155*d - 6 + 4 - 1156*d + 9. Determine w(15).
-8
Let v = 18088 - 18085. Let r(f) be the first derivative of -1/2*f**2 + 0*f - 3 + 3*f**v. Give r(-1).
10
Let g(t) be the second derivative of t**4/12 + 10*t**3/3 + 147*t**2/2 - 28*t + 2. Let r(s) be the first derivative of g(s). Give r(-12).
-4
Let t(x) be the second derivative of 0 - 13*x - x**3 - 1/12*x**4 + 3*x**2. Give t(-5).
11
Let u(o) be the third derivative of -o**5/60 + o**4/2 - 25*o**3/6 + 2*o**2 + o + 3. Determine u(9).
2
Let w(p) = -p**2 - 8*p - 5. Suppose 3*h = 5*h - 10, -5*h + 21 = -b. Let u be 69/3 - (20 + -16). Suppose b*v + u = -9. Give w(v).
2
Let i(v) be the second derivative of v**6/180 - v**5/24 - 97*v**3/6 - v**2 - 234*v. Let u(r) be the second derivative of i(r). Give u(3).
3
Let i(p) = p**3 + 18*p**2 + 2*p + 37. Let c(y) = 15*y**3 - 6*y**2 - 18*y - 15. Let j be c(-1). Determine i(j).
1
Suppose -622*s + 16 = -614*s. Let t(g) = 9 - g**2 + 3*g - 10*g**s + 7*g**2 + 3*g**2. Calculate t(7).
-19
Let j(b) = -3*b**3 + b**2 + 3*b. Let d(v) = 8*v**3 + 3*v**2 - 9*v + 17. Let f(q) = d(q) + 3*j(q). Determine f(5).
42
Let x(j) = -j**3 + 2*j + 81. Let b be x(0). Let f(c) = -c**3 - b*c - 77*c + 153*c + 1 - 6*c**2. Determine f(-5).
1
Suppose 192 + 85 = 4*h + 3*b, 3*h + 4*b = 213. Let s be (1 + 64 - 1) + -2. Let a = h - s. Let d(k) = -k**2 + 5*k. Give d(a).
0
Let x(c) = -c**3 - 6*c**2 - 9*c - 5. Let s(w) = w**3 - 12*w**2 + 12*w - 15. Let k be s(11). Let v be x(k). Let n(r) = r**2. Calculate n(v).
1
Let x(h) = -10*h**2 - 2*h + 157. Let u(y) = -y**2 + 16. Let n(g) = -19*u(g) + 2*x(g). Give n(-7).
-11
Let n = -1338 + 1344. Let a(y) = y**2 + 4*y + 10. What is a(n)?
70
Let m = -1810 + 1810. Let h(x) = 0*x - 7 + 2*x - 6*x + 0. What is h(m)?
-7
Let h = -11 + 21. Suppose 5*v + 2*i - 23 = 0, 0*v = -2*v + 4*i - h. Suppose 5*b - 40 = 3*l, v*l + 3*b = -0*l. Let n(t) = t**2 + 7*t + 6. What is n(l)?
-4
Let m(v) = v**3 - 13*v**2 + 2*v + 21. Let l be m(13). Let t = l - 44. Let s be t + 2 + -4 + 2 + -3. Let r(g) = -g**2 - g + 4. Calculate r(s).
4
Let u(k) be the third derivative of -1/60*k**5 - 1/12*k**4 + 0 + 0*k - 1/6*k**3 - 1/40*k**6 + 103*k**2. What is u(-1)?
3
Suppose -30*a - 51 + 231 = 0. Let q(h) = 7*h**2 - 10*h**2 + 7*h - a - h + h**2. Determine q(2).
-2
Let f be ((-252)/(-72))/((-2)/4). Let y(g) = g + 30. What is y(f)?
23
Let s(r) = 6*r**2 + 1. Suppose -2*d + 1014 = 11*d. Suppose 0 = 81*m - d*m + 3. What is s(m)?
7
Let u(n) = n**3 - 6*n**2 - n - 3. Suppose 6*p - p = 750. Suppose 0 = -0*s + 25*s - p. Give u(s).
-9
Suppose 3*t + 19*i = 17*i + 14, t + 4*i = -2. Let d(g) = -5 + 6*g**2 + 6*g + 11 + 10*g - 20*g - g**3. Calculate d(t).
-18
Let q(s) = 574 - s - 288 - 295 - 7*s. Determine q(-5).
31
Let x(h) = 4*h**2 - 4*h - 7. Let l(c) = 2*c**2 - 2*c - 4. Let b(k) = -5*l(k) + 3*x(k). Calculate b(-1).
3
Let j = -386 + 609. Suppose -79 = 9*o - j. Let m(d) = 2*d - 21. Calculate m(o).
11
Suppose 2*m = m + 8. Let g(q) = m + 13 - 6*q - 20 + q**2. Calculate g(8).
17
Let p(q) = 6*q - 220. Let t = -3162 - -3199. Calculate p(t).
2
Suppose -308*k - 384 = -244*k. Let f(t) = -4*t - 41. Calculate f(k).
-17
Suppose 114*o = 603 + 726 - 75. Let l(a) = a**3 - 10*a**2 - 15*a + 35. Give l(o).
-9
Let v be -1 - -2 - (-6)/(60/(-50)). Let m be (-1 - (-183)/18) + v/24. Let a(n) be the second derivative of -n**3/6 - n**2 - 2*n. Determine a(m).
-11
Suppose -92*o + 130 = -194 - 504. Let k(h) = 2*h**2 - 20*h + 1. What is k(o)?
-17
Let y(k) = k + 71. Suppose -66*w - 1483 = 3203. What is y(w)?
0
Let p = 17488 + -17516. Let m(t) = -t**3 - 20*t**2 + 225*t + 27. Calculate m(p).
-1
Suppose 0*r = -5*r - 15. Suppose 3*w + 3*i - 7 = 71, -2*w - i = -52. Let o(q) = -28 + q + w + 7. What is o(r)?
2
Let y = 5 + 1. Let b(z) = 3*z**3 + 11*z**2 - 3*z - 4. Let q(o) = -2 - 2*o - 7*o + 32*o**2 - 11 + 8*o**3. Let n(d) = 11*b(d) - 4*q(d). Give n(y).
-10
Let k(f) = 3998 - 1998 - 173*f**2 + f**3 + 172*f**2 - 2001 + 2*f. Let p(g) = -2*g**3 + g + 1. Let n be p(-1). Determine k(n